{"id":132,"date":"2026-02-18T09:55:39","date_gmt":"2026-02-18T09:55:39","guid":{"rendered":"https:\/\/biogeo.ubbcluj.ro\/institut_test\/?page_id=132"},"modified":"2026-02-18T09:55:39","modified_gmt":"2026-02-18T09:55:39","slug":"dr-lucian-baia","status":"publish","type":"page","link":"https:\/\/institutulracovita.ro\/?page_id=132","title":{"rendered":"Dr.\u00a0Lucian Baia"},"content":{"rendered":"\n<div class=\"wp-block-columns is-layout-flex wp-container-core-columns-is-layout-28f84493 wp-block-columns-is-layout-flex\">\n<div class=\"wp-block-column is-layout-flow wp-block-column-is-layout-flow\" style=\"flex-basis:25%\">\n<figure class=\"wp-block-image size-full\"><img decoding=\"async\" src=\"https:\/\/institutulracovita.ro\/wp-content\/uploads\/2023\/06\/baia.jpg\" alt=\"\" class=\"wp-image-2083\"\/><\/figure>\n<\/div>\n\n\n\n<div class=\"wp-block-column is-layout-flow wp-block-column-is-layout-flow\" style=\"flex-basis:75%\">\n<p><strong>Lucian Baia, PhD<\/strong><\/p>\n<p><strong>Professor<\/strong><\/p>\n<p>Treboniu Laurian 42, room 106, 400271 Cluj-Napoca<\/p>\n<p>Nanostructures, nanomaterials, environmental &amp; biomedical applications<\/p>\n<p>Tel: +40 264 405 300 ext. 5168<\/p>\n<p>Email: <a href=\"mailto:lucian.baia@ubbcluj.ro\">lucian.baia@ubbcluj.ro<\/a><\/p>\n<\/div>\n<\/div>\n\n\n<\/p>\n\n\n<\/p>\r\n<p><strong>Education:<\/strong><\/p>\r\n<p>\n\n\n\n<\/p>\r\n<p class=\"has-text-align-left\">BSc.: Degree in Machine Building Engineer, Faculty of Machine Building Technical University, Cluj-Napoca, Romania, 1995<\/p>\r\n<p>\n\n\n\n<\/p>\r\n<p class=\"has-text-align-left\">BSc.: Degree in Physics, Mathematical-Physics, Faculty of Physics, Babe\u0219-Bolyai University, Cluj-Napoca, Romania, 1998<\/p>\r\n<p>\n\n\n\n<\/p>\r\n<p class=\"has-text-align-left\">MSc.: Master Degree in Physics, Oxide materials, Faculty of Physics, Babe\u0219-Bolyai University, 1999<\/p>\r\n<p>\n\n\n\n<\/p>\r\n<p class=\"has-text-align-left\">PhD: Institute of Physical Chemistry, Julius Maximilians University, W\u00fcrzburg, Germany, 2003<\/p>\r\n<p>\n\n\n\n<\/p>\r\n<p class=\"has-text-align-left\">Postdoctoral: Institute of Physical Chemistry, Friedrich Schiller University, Jena, Germany, 2006<\/p>\r\n<p>\n\n\n\n<\/p>\r\n<p class=\"has-text-align-left\">2014: Habilitation thesis defense<\/p>\r\n<p>\n\n\n\n<\/p>\r\n<p><strong>Research:<\/strong><\/p>\r\n<p>\n\n\n\n<\/p>\r\n<p>Dr. Lucian Baia carries out interdisciplinary activities that bridge across research fields related to the obtaining and especially the characterization of nanoarchitectures and materials with different types of morphologies and structures involved in various environmental applications.<\/p>\r\n<p>\n\n\n\n<\/p>\r\n<p><strong>Selected Publications<\/strong><\/p>\r\n<p>\n\n\n\n<\/p>\r\n<ol class=\"wp-block-list\">\r\n\n<li>Kov\u00e1cs, Z., Moln\u00e1r, C., Gyulav\u00e1ri, T., Magyari, K., T\u00f3th, Z.-R., Baia, L., Pap, Z., Hern\u00e1di, K., <em>Solvothermal synthesis of ZnO spheres: Tuning the structure and morphology from nano- to micro-meter range and its impact on their photocatalytic activity<\/em>, (2022) <em>Catalysis Today<\/em>, DOI: 10.1016\/j.cattod.2022.03.004.<\/li>\n\n\r\n \r\n\n<li>M. Baia, Zs. Pap, K. Hernadi, L. Baia, <em>Chapter 1: When the nanostructures meet the environmental health key issues, in: Advanced nanostructures for environmental health<\/em> (Eds: L. Baia, Zs. Pap, K. Hernadi, M. Baia) ISBN: 0128158832, <em>Elsevier<\/em>, pp. 1-33, 2019.<\/li>\n\n\r\n \r\n\n<li>L. Baia, M. Baia, Zs. Pap, K. Hernadi, J. Popp, <em>Chapter 13. Perspectives of environmental health issues addressed by advanced nanostructures, in: Advanced nanostructures for environmental health<\/em> (Eds: L. Baia, Zs. Pap, K. Hernadi, M. Baia), ISBN: 0128158832, <em>Elsevier<\/em>, pp. 525-547, 2019.<\/li>\n\n\r\n \r\n\n<li>Fodor, S., Baia, L., Foc\u0219an, M., Hern\u00e1di, K., Pap, Z., <em>Designed and controlled synthesis of visible light active copper(I)oxide photocatalyst: From cubes towards the polyhedrons &#8211; with Cu nanoparticles<\/em>, (2019) <em>Applied Surface Science<\/em>, 484, 175-183.<\/li>\n\n\r\n \r\n\n<li>Hampel, B., Kov\u00e1cs, G., Czekes, Z., Hern\u00e1di, K., Danciu, V., Ersen, O., Girleanu, M., Foc\u015fan, M., Baia, L., Pap, Z., <em>Mapping the Photocatalytic Activity and Ecotoxicology of Au, Pt\/TiO2 Composite Photocatalysts<\/em>, (2018) <em>ACS Sustainable Chemistry and Engineering<\/em>, 6 (10), 12993-13006.<\/li>\n\n\r\n<\/ol>\r\n<p>\n\n\n\n<\/p>\r\n<p><strong>Full publication list:<\/strong><\/p>\r\n<p>\n\n\n\n<\/p>\r\n<p><strong>Courses held:<\/strong><\/p>\r\n<p>\n\n\n<p><strong>Undergraduate:<\/strong><\/p>\n\n\n<\/p>\r\n<p>1 Introduction to Nanotechnology,<\/p>\r\n<p>\n\n\n\n<\/p>\r\n<ol class=\"wp-block-list\" start=\"2\">\r\n\n<li>Heterogeneous Materials. Technological Applications<\/li>\n\n\r\n<\/ol>\r\n<p>\n\n\n<p><strong>Graduate:<\/strong><\/p>\n\n\n<\/p>\r\n<ol class=\"wp-block-list\">\r\n\n<li>Advanced Functional Materials<\/li>\n\n\r\n<\/ol>\r\n<p>\n\n\n<p><strong>PhD level:<\/strong><\/p>\n\n\n<\/p>\r\n<ol class=\"wp-block-list\">\r\n\n<li>Nanostructures and macromolecular systems<\/li>\n\n\r\n<\/ol>\r\n<p>\n\n\n<\/p>","protected":false},"excerpt":{"rendered":"<p>Lucian Baia, PhD Professor Treboniu Laurian 42, room 106, 400271 Cluj-Napoca Nanostructures, nanomaterials, environmental &amp; biomedical applications Tel: +40 264 [&hellip;]<\/p>\n","protected":false},"author":1,"featured_media":0,"parent":0,"menu_order":0,"comment_status":"closed","ping_status":"closed","template":"","meta":{"site-sidebar-layout":"default","site-content-layout":"","ast-site-content-layout":"default","site-content-style":"default","site-sidebar-style":"default","ast-global-header-display":"","ast-banner-title-visibility":"","ast-main-header-display":"","ast-hfb-above-header-display":"","ast-hfb-below-header-display":"","ast-hfb-mobile-header-display":"","site-post-title":"","ast-breadcrumbs-content":"","ast-featured-img":"","footer-sml-layout":"","ast-disable-related-posts":"","theme-transparent-header-meta":"","adv-header-id-meta":"","stick-header-meta":"","header-above-stick-meta":"","header-main-stick-meta":"","header-below-stick-meta":"","astra-migrate-meta-layouts":"default","ast-page-background-enabled":"default","ast-page-background-meta":{"desktop":{"background-color":"var(--ast-global-color-5)","background-image":"","background-repeat":"repeat","background-position":"center center","background-size":"auto","background-attachment":"scroll","background-type":"","background-media":"","overlay-type":"","overlay-color":"","overlay-opacity":"","overlay-gradient":""},"tablet":{"background-color":"","background-image":"","background-repeat":"repeat","background-position":"center center","background-size":"auto","background-attachment":"scroll","background-type":"","background-media":"","overlay-type":"","overlay-color":"","overlay-opacity":"","overlay-gradient":""},"mobile":{"background-color":"","background-image":"","background-repeat":"repeat","background-position":"center center","background-size":"auto","background-attachment":"scroll","background-type":"","background-media":"","overlay-type":"","overlay-color":"","overlay-opacity":"","overlay-gradient":""}},"ast-content-background-meta":{"desktop":{"background-color":"var(--ast-global-color-4)","background-image":"","background-repeat":"repeat","background-position":"center center","background-size":"auto","background-attachment":"scroll","background-type":"","background-media":"","overlay-type":"","overlay-color":"","overlay-opacity":"","overlay-gradient":""},"tablet":{"background-color":"var(--ast-global-color-4)","background-image":"","background-repeat":"repeat","background-position":"center center","background-size":"auto","background-attachment":"scroll","background-type":"","background-media":"","overlay-type":"","overlay-color":"","overlay-opacity":"","overlay-gradient":""},"mobile":{"background-color":"var(--ast-global-color-4)","background-image":"","background-repeat":"repeat","background-position":"center center","background-size":"auto","background-attachment":"scroll","background-type":"","background-media":"","overlay-type":"","overlay-color":"","overlay-opacity":"","overlay-gradient":""}},"footnotes":""},"class_list":["post-132","page","type-page","status-publish","hentry"],"_links":{"self":[{"href":"https:\/\/institutulracovita.ro\/index.php?rest_route=\/wp\/v2\/pages\/132","targetHints":{"allow":["GET"]}}],"collection":[{"href":"https:\/\/institutulracovita.ro\/index.php?rest_route=\/wp\/v2\/pages"}],"about":[{"href":"https:\/\/institutulracovita.ro\/index.php?rest_route=\/wp\/v2\/types\/page"}],"author":[{"embeddable":true,"href":"https:\/\/institutulracovita.ro\/index.php?rest_route=\/wp\/v2\/users\/1"}],"replies":[{"embeddable":true,"href":"https:\/\/institutulracovita.ro\/index.php?rest_route=%2Fwp%2Fv2%2Fcomments&post=132"}],"version-history":[{"count":1,"href":"https:\/\/institutulracovita.ro\/index.php?rest_route=\/wp\/v2\/pages\/132\/revisions"}],"predecessor-version":[{"id":133,"href":"https:\/\/institutulracovita.ro\/index.php?rest_route=\/wp\/v2\/pages\/132\/revisions\/133"}],"wp:attachment":[{"href":"https:\/\/institutulracovita.ro\/index.php?rest_route=%2Fwp%2Fv2%2Fmedia&parent=132"}],"curies":[{"name":"wp","href":"https:\/\/api.w.org\/{rel}","templated":true}]}}